 k.
2, 7
Suppose 46 = -5*y + 6*y. Let z = y + -18. List the prime factors of z.
2, 7
Suppose -h = 2*h - 21. List the prime factors of 0 + h + 2 + -1.
2
Suppose 4*i + 3*v = 191, 7 = 4*v + 3. List the prime factors of i.
47
Let b = 8 + 31. What are the prime factors of b?
3, 13
Let b(r) = -7*r**3 + 13*r**2 + 14*r + 22. Let t(c) = -11*c**3 + 19*c**2 + 21*c + 33. Let x(f) = -8*b(f) + 5*t(f). List the prime factors of x(10).
19
Let h(p) = 15*p**2 + 7*p + 27. Let o(y) = 7*y**2 + 4*y + 13. Let w(j) = -6*h(j) + 13*o(j). List the prime factors of w(-10).
7
Let b(f) = f**2 - 12*f + 7. Let c be b(5). Let p(u) = -5*u - 10. Let y be p(-10). Let h = y + c. What are the prime factors of h?
2, 3
Suppose -21 = -s + 1. List the prime factors of s.
2, 11
Suppose -15 = -5*z, 3*t + 4*z - 11 = 61. Let d = 6 + t. What are the prime factors of d?
2, 13
Let q = 30 - 13. What are the prime factors of q?
17
Let j(x) = x**2 - 2*x - 6. Suppose -2*b - 6*w = -2*w - 4, 0 = b - 3*w + 3. Suppose b = -0*f - 2*f + 10. What are the prime factors of j(f)?
3
Suppose -u = -0*u - 7. List the prime factors of u.
7
Suppose 0 = -3*c - 2*c. Let y = 6 + c. What are the prime factors of y?
2, 3
Let f(y) = -y**2 + 10. Let v be f(0). Let x(i) = i**3 + 2*i**2 - i + 1. Let j be x(-2). Suppose v = -2*u + j*u. What are the prime factors of u?
2, 5
Suppose 0 = 5*u + 2*u - 322. List the prime factors of u.
2, 23
List the prime factors of -2 - (-1 - (-2 - -3)*204).
7, 29
Let y(r) = r + 30. What are the prime factors of y(-10)?
2, 5
Suppose 9*p = 11*p - 108. List the prime factors of p.
2, 3
Let d(z) = 29*z - 37. What are the prime factors of d(8)?
3, 5, 13
Suppose -2*v = v + 6. Let g be (-4)/(-8) - v/4. Let h(x) = 14*x**3 + x**2 - x. List the prime factors of h(g).
2, 7
Let x(r) = -28 + r - r**3 + 28. Let n be x(1). Suppose 9 = u - n*u. List the prime factors of u.
3
List the prime factors of -90*(-9)/((-27)/(-4)).
2, 3, 5
Suppose -6 = -2*y - 0. Suppose -32 = -4*o - y*b, -o - o + 16 = 5*b. List the prime factors of o.
2
Suppose y + b - 15 = 4*b, -b + 8 = 4*y. Let z be y/6 + 26/4. Let o = z - 1. List the prime factors of o.
2, 3
Let k = 6 - 9. Let p be k*4*2/(-12). Suppose -p*v = -0*v - 18. What are the prime factors of v?
3
Let u = 15 - 15. Suppose -3*p - 6*w + 156 = -3*w, u = 2*w. What are the prime factors of p?
2, 13
Let x(d) = -d**3 - 5*d**2 + 7. Let c = -8 - -23. Suppose 2*u = 5*u + c. List the prime factors of x(u).
7
Let b(i) = i**2 + i - 4. Let f = 3 - 3. Let s be f + -4 + -1 + 2. List the prime factors of b(s).
2
Suppose -2*u - g + 9 = -33, -5*u - 3*g = -104. List the prime factors of u.
2, 11
Suppose 5*j = -5*i + 1195, 4*i + 0*i - 4*j = 940. What are the prime factors of i?
3, 79
Suppose -15 = -3*h, h = -6*x + 3*x + 149. Let f = x + -31. What are the prime factors of f?
17
Suppose -4*c + 218 = 42. What are the prime factors of c?
2, 11
Suppose 2*a - 8 = -2*a + y, -y = -a + 2. Let b be 4/a + (-2 - -10). Let x = 21 - b. What are the prime factors of x?
11
Suppose 0 = -4*y + 32 - 8. What are the prime factors of y?
2, 3
What are the prime factors of 99/2*(-2)/(-3)?
3, 11
Let i(s) = -s - 6. Suppose 0 = 3*x - 6, -6*y + 85 = -y + 5*x. Suppose -4*u - 25 = y. What are the prime factors of i(u)?
2
Suppose 0 = 5*x - 4*i + 6 + 4, x + 4*i = 22. What are the prime factors of x?
2
Suppose -4*h = -6 - 174. What are the prime factors of h?
3, 5
Let o be (-2)/(-5) - 18/(-5). Suppose 3*y + 6 = n, -3*n + o = 13. List the prime factors of 4*((-21)/(-4) + y).
3
Suppose 0 = -q - 10 + 32. What are the prime factors of q?
2, 11
Let r(u) = 2*u - 28*u + 14 - 13. List the prime factors of r(-1).
3
Suppose -2*n = h + h + 88, -n + 4*h - 49 = 0. Let d = -2 - n. List the prime factors of d.
43
What are the prime factors of 36 - 31 - -3*24?
7, 11
Suppose -291 = -5*r + 634. List the prime factors of r.
5, 37
Suppose -3*d - 1 = -7. List the prime factors of 52/20 + d/5.
3
Let q(n) be the first derivative of n**3/3 - 3*n**2/2 - n - 3. List the prime factors of q(4).
3
Let x(v) = -v + 10. Let o be x(6). Suppose -5*y + 40 = 7*f - 2*f, y + 3*f - o = 0. List the prime factors of y.
2, 5
Let i(s) = 2*s - 6*s**3 - s - 2*s**2 - 5*s**3. Let h be i(1). Let y = h + 27. What are the prime factors of y?
3, 5
Suppose -4*p - 1 = u + 3, 2*u = p + 10. Let c(f) be the third derivative of -f**6/60 - f**5/30 + f**4/8 + f**3/2 + f**2. List the prime factors of c(p).
5
Let x be 4/(-18) - 29/(-9). Suppose 4*b - k = -4*k + 31, -x*b - k = -17. What are the prime factors of b*(-9)/(-3) - 3?
3
Let d be (-48)/(-21) - (-6)/(-21). Suppose 0 = -d*c + 5*s + 50, -12 = -2*c - 2*s + 10. What are the prime factors of c?
3, 5
Suppose 0 = 35*f - 33*f - 224. What are the prime factors of f?
2, 7
Let y = -99 - -148. What are the prime factors of y?
7
Let v(n) = -2*n**2 + 7*n + 4. Let m be v(7). Let t = 67 + m. What are the prime factors of t?
2, 11
Suppose 2*t - 4*t + 14 = 0. Let l = 12 + t. What are the prime factors of l?
19
Let q(z) = -z**2 + 12*z - 16. List the prime factors of q(6).
2, 5
Let w = 28 - 19. Suppose -4*p + 6*r - 4*r = -50, w = p + 3*r. List the prime factors of p.
2, 3
Let d be (-3)/((-6)/16) - 2. Let j be ((-6)/(-9))/2*d. Suppose -5*k - 6*g + j*g + 24 = 0, -4*k - 3*g + 20 = 0. List the prime factors of k.
2
What are the prime factors of 13/(26/(-20))*-4?
2, 5
Let j = -18 + 44. List the prime factors of j.
2, 13
Let t = -11 + 20. List the prime factors of t.
3
What are the prime factors of 8/(-12) - (-88)/6?
2, 7
Let f be (0 - 3/(-6))*-4. What are the prime factors of (34/f*-2)/2?
17
Let y be 3/3 + -1 - 2. Let g be 1*y - (0 + 3). Let h(b) = -b**2 - 8*b - 6. What are the prime factors of h(g)?
3
Suppose -4*q = -4, -6*l + 45 = -l + 5*q. Suppose -l - 2 = -s. List the prime factors of s.
2, 5
Suppose -2*b + 138 = 4*b. List the prime factors of b.
23
Let h be 21 + (1 - 1 - 1). Suppose c + 4*c = h. Suppose -v + 21 - 4 = 5*r, -2*v = -c*r - 20. List the prime factors of v.
2, 3
Let g(k) = 24*k - 3. Let y be g(2). Let l be (18/(-15))/(4/(-10)). What are the prime factors of (-4)/(-10)*y/l?
2, 3
Let l = 10 + -1. Suppose 0 = 4*u - l*u + 70. What are the prime factors of u?
2, 7
Let u be 2*2*212/16. Suppose 3*y + 4*l = 15 + 53, -3*y = l - u. What are the prime factors of y?
2
Let k = -27 + 18. What are the prime factors of (1 + -2)*(k + 2)?
7
Suppose -5*i = -0*i. Suppose -45 = -5*r - i. What are the prime factors of r?
3
Suppose 0 = i - 6 - 10. Suppose -2*r - 12 = -a, i + 1 = a - r. What are the prime factors of a?
2, 11
List the prime factors of (-699)/(-2) - 81/54.
2, 3, 29
Let u be (-13)/(-4) - 4/16. Let a = u + -5. List the prime factors of (24/(-15))/(a/15).
2, 3
Suppose -2*g = 6, g + 21 = 3*x - 2*g. List the prime factors of (x + -2 - -3) + 1.
2, 3
Let j(r) be the first derivative of r**4/4 + 3*r**3 - 11*r**2/2 + 4*r - 1. Suppose -32*x = -34*x - 20. What are the prime factors of j(x)?
2, 7
Suppose 1 = k, -5*k - 26 - 13 = -2*v. List the prime factors of v/(-2 - -4) - -1.
2, 3
Let v = -5 + 3. Let l(s) = 5*s**2 + 2*s + 1. What are the prime factors of l(v)?
17
Let t(l) = 4*l**2 + 0*l**2 + 2 - 3*l**2 - 8*l. Let y be t(7). List the prime factors of (-53)/(-5) - 2/y.
11
List the prime factors of 13 - (-3 + 3 + 1).
2, 3
Let a(o) = -o + 2. Let z be a(-3). List the prime factors of (z + -7)/(2/(-4)).
2
Let f(z) = -6*z - 1. Let c be f(-1). Let g = 29 - 4. Suppose -c*o + g = -20. List the prime factors of o.
3
Suppose -4*r - 1300 = -4*t - 0*r, 0 = 3*t + 2*r - 955. List the prime factors of t.
3, 107
Suppose u + 76 = 2*l + 2, 72 = 2*l - 2*u. List the prime factors of l.
2, 19
What are the prime factors of 350/15 - 1/3?
23
Let m(u) = 2*u**2 + 4*u + 9. What are the prime factors of m(-6)?
3, 19
Let y be 3*(-2)/(-12)*-24. Let p be -10*-2*(-3)/y. Suppose 8 = -h + 2*h + q, -h - p*q + 16 = 0. What are the prime factors of h?
2, 3
Suppose 2*z = 6*z - 16. Suppose 53 = z*q - 27. What are the prime factors of q?
2, 5
Let z(m) be the first derivative of m**4/24 + 2*m**3 + m**2/2 + 1. Let f(i) be the second derivative of z(i). What are the prime factors of f(0)?
2, 3
Let s(r) = -r**2 - 8*r + 10. Let m be s(-8). Let g = -6 + m. List the prime factors of g.
2
Let h = -2 - -5. Suppose -h*g + 22 + 17 = 0. Let u = g + 0. List the prime factors of u.
13
Suppose t = -5*n + 4